he hundred thousands digit of 1636077720?
0
What is the hundreds digit of 1414536471?
4
What is the millions digit of 1234613830?
4
What is the thousands digit of 107045516?
5
What is the ten millions digit of 44398999?
4
What is the hundred thousands digit of 749328981?
3
What is the millions digit of 7122784488?
2
What is the hundred thousands digit of 1088326706?
3
What is the hundred millions digit of 2181270841?
1
What is the ten millions digit of 42903866?
4
What is the ten millions digit of 774140996?
7
What is the hundred millions digit of 490628207?
4
What is the hundred millions digit of 1409289824?
4
What is the hundred thousands digit of 1841222183?
2
What is the hundred millions digit of 592511547?
5
What is the hundreds digit of 72638429?
4
What is the millions digit of 33498601?
3
What is the millions digit of 11328094?
1
What is the ten thousands digit of 750322187?
2
What is the hundred thousands digit of 52298779?
2
What is the millions digit of 283768858?
3
What is the thousands digit of 92327786?
7
What is the ten millions digit of 2278182468?
7
What is the tens digit of 5948183311?
1
What is the thousands digit of 769746709?
6
What is the ten millions digit of 667319660?
6
What is the ten millions digit of 725526703?
2
What is the units digit of 26965266?
6
What is the billions digit of 1314179398?
1
What is the hundred thousands digit of 7313299819?
2
What is the tens digit of 1240392553?
5
What is the thousands digit of 351099710?
9
What is the billions digit of 2118871803?
2
What is the units digit of 2443847391?
1
What is the ten thousands digit of 4373219807?
1
What is the hundred thousands digit of 169346336?
3
What is the hundred thousands digit of 19621579?
6
What is the ten millions digit of 43650898?
4
What is the millions digit of 2519095?
2
What is the hundred thousands digit of 82737617?
7
What is the tens digit of 58625010?
1
What is the units digit of 684999230?
0
What is the units digit of 334406689?
9
What is the tens digit of 16704434?
3
What is the thousands digit of 357512590?
2
What is the ten millions digit of 209701978?
0
What is the units digit of 1066394256?
6
What is the millions digit of 29010088?
9
What is the hundreds digit of 5539186066?
0
What is the ten millions digit of 53636987?
5
What is the millions digit of 129560905?
9
What is the millions digit of 50399609?
0
What is the millions digit of 139430497?
9
What is the thousands digit of 4100851363?
1
What is the billions digit of 2428352073?
2
What is the hundred thousands digit of 35666156?
6
What is the ten thousands digit of 1967090477?
9
What is the ten thousands digit of 126279660?
7
What is the hundred millions digit of 1323774247?
3
What is the units digit of 44683773?
3
What is the ten thousands digit of 695232122?
3
What is the ten millions digit of 119323822?
1
What is the millions digit of 43729611?
3
What is the units digit of 24692916?
6
What is the tens digit of 185478170?
7
What is the millions digit of 520195080?
0
What is the millions digit of 138503372?
8
What is the millions digit of 637797800?
7
What is the ten thousands digit of 18222481?
2
What is the hundred thousands digit of 1638127584?
1
What is the ten thousands digit of 41838600?
3
What is the hundreds digit of 784811265?
2
What is the hundred thousands digit of 617495516?
4
What is the ten millions digit of 2212602069?
1
What is the tens digit of 64548187?
8
What is the hundred thousands digit of 268915671?
9
What is the tens digit of 1048486324?
2
What is the billions digit of 2144354958?
2
What is the units digit of 151057687?
7
What is the millions digit of 769483434?
9
What is the billions digit of 2858921391?
2
What is the hundred thousands digit of 14929221?
9
What is the units digit of 132925248?
8
What is the units digit of 467436562?
2
What is the units digit of 5564853802?
2
What is the hundreds digit of 15921120?
1
What is the units digit of 116242505?
5
What is the tens digit of 2254736454?
5
What is the ten thousands digit of 3246089878?
8
What is the billions digit of 1808629219?
1
What is the billions digit of 1336027921?
1
What is the hundred thousands digit of 43397067?
3
What is the hundred thousands digit of 12042107?
0
What is the hundreds digit of 275423775?
7
What is the ten thousands digit of 50782398?
8
What is the tens digit of 608875?
7
What is the hundreds digit of 161531434?
4
What is the thousands digit of 542516400?
6
What is the ten millions digit of 115959154?
1
What is the units digit of 5770314961?
1
What is the hundred thousands digit of 4786397?
7
What is the ten millions digit of 277995489?
7
What is the millions digit of 198146577?
8
What is the hundreds digit of 145351611?
6
What is the hundred thousands digit of 355105573?
1
What is the ten thousands digit of 630268550?
6
What is the ten millions digit of 3008834727?
0
What is the ten thousands digit of 168450986?
5
What is the units digit of 7209742932?
2
What is the hundreds digit of 795968494?
4
What is the thousands digit of 3806614287?
4
What is the hundreds digit of 6852765135?
1
What is the units digit of 3338944220?
0
What is the millions digit of 35287064?
5
What is the thousands digit of 201204984?
4
What is the millions digit of 88845018?
8
What is the hundred thousands digit of 31746440?
7
What is the units digit of 232858882?
2
What is the hundred thousands digit of 357011244?
0
What is the hundred thousands digit of 74334431?
3
What is the thousands digit of 5438881?
8
What is the hundred thousands digit of 2206469067?
4
What is the tens digit of 13982804?
0
What is the hundred thousands digit of 2569842905?
8
What is the hundred millions digit of 474198872?
4
What is the hundreds digit of 6191965607?
6
What is the hundred thousands digit of 3713500920?
5
What is the tens digit of 2099428436?
3
What is the thousands digit of 115958778?
8
What is the tens digit of 57411801?
0
What is the ten thousands digit of 337589994?
8
What is the units digit of 66470496?
6
What is the units digit of 264386734?
4
What is the thousands digit of 2226253?
6
What is the hundred millions digit of 1515178473?
5
What is the hundred millions digit of 480592109?
4
What is the hundreds digit of 2763375615?
6
What is the hundreds digit of 1750964?
9
What is the units digit of 652094435?
5
What is the ten thousands digit of 289983181?
8
What is the hundreds digit of 786095870?
8
What is the millions digit of 138818672?
8
What is the hundred thousands digit of 23827955?
8
What is the thousands digit of 126551853?
1
What is the units digit of 65959668?
8
What is the ten thousands digit of 24930177?
3
What is the tens digit of 516444317?
1
What is the tens digit of 775977173?
7
What is the ten thousands digit of 250371338?
7
What is the ten millions digit of 29069724?
2
What is the hundred thousands digit of 227432998?
4
What is the millions digit of 24928674?
4
What is the ten millions digit of 107197429?
0
What is the hundreds digit of 31082937?
9
What is the hundred thousands digit of 1909697?
9
What is the hundred thousands digit of 296340365?
3
What is the thousands digit of 798557154?
7
What is the tens digit of 91435905?
0
What is the ten thousands digit of 2846798835?
9
What is the thousands digit of 270306817?
6
What is the millions digit of 51723366?
1
What is the millions digit of 3969963222?
9
What is the ten thousands digit of 191892691?
9
What is the millions digit of 1419150580?
9
What is the ten millions digit of 857531230?
5
What is the ten millions digit of 19017809?
1
What is the tens digit of 498478115?
1
What is the hundred thousands digit of 472988559?
9
What is the tens digit of 46592181?
8
What is the hundred millions digit of 324409481?
3
What is the ten thousands digit of 451040398?
4
What is the ten millions digit of 2037226973?
3
What is the millions digit of 4384496503?
4
What is the ten millions digit of 481406634?
8
What is the tens digit of 122104369?
6
What is the ten thousands digit of 64208032?
0
What is the units digit of 9870665?
5
What is the tens digit of 76718697?
9
What is the millions digit of 583600161?
3
What is the ten millions digit of 1321605898?
2
What is the hundreds digit of 418375942?
9
What is the hundreds digit of 6754035781?
7
W